{"id":25,"date":"2017-09-22T08:03:54","date_gmt":"2017-09-22T08:03:54","guid":{"rendered":"http:\/\/neu.feuerwehr-hilterfingen.ch\/?page_id=25"},"modified":"2018-04-24T15:36:50","modified_gmt":"2018-04-24T13:36:50","slug":"waldbrandgefahr","status":"publish","type":"page","link":"https:\/\/fwho.ch\/index.php\/praevention\/waldbrandgefahr\/","title":{"rendered":"Waldbrandgefahr"},"content":{"rendered":"<p>Helfen Sie mit Waldbr\u00e4nde zu verhindern! W\u00e4hrend D\u00fcrreperioden ist die Gefahr von Waldbr\u00e4nden insbesondere in den Alpen und auf der Alpens\u00fcdseite erh\u00f6ht. Mit der Klima\u00e4nderung kann sich die Brandgefahr regional \u00e4ndern und ausweiten. Beachten Sie die Waldbrandfahr und die <a href=\"http:\/\/www.vol.be.ch\/vol\/de\/index\/wald\/wald\/schuetzen\/waldbrandgefahr.html#originRequestUrl=www.be.ch\/waldbrandgefahr\" target=\"_blank\" rel=\"noopener\">Weisungen im Kanton Bern.<\/a><\/p>\n<h5><strong>Beachten Sie folgende Verhaltensregeln beim Feuern im Freien<\/strong><\/h5>\n<ul>\n<li>Feuerverbote unbedingt einhalten! Informationen im Internet, am Radio und Fernsehen sowie in Zeitungen beachten.<\/li>\n<li>Brennende Zigaretten und Z\u00fcndh\u00f6lzer nie wegwerfen.<\/li>\n<li>Beim Grillieren\u00a0festeingerichtete Feuerstellen verwenden und nicht auf dem nackten Boden feuern.<\/li>\n<li>Entfachte Feuer immer beobachten und allf\u00e4lligen Funkenwurf sofort l\u00f6schen.<\/li>\n<li>Feuerstellen und deren Umgebung nur im absolut gel\u00f6schten Zustand verlassen.<\/li>\n<li>Bei starken und b\u00f6igen Winden auf Feuer im Freien unbedingt verzichten.<\/li>\n<li>Feuerwerksk\u00f6rper nur an Orten mit ausdr\u00fccklicher Bewilligung der Standortgemeinde abfeuern<\/li>\n<\/ul>\n<p><a href=\"http:\/\/www.vol.be.ch\/dam\/documents\/VOL\/KAWA\/de\/Wald_schuetzen\/waldbrandgefahr_situation_BE.png\"><img loading=\"lazy\" decoding=\"async\" class=\"aligncenter\" src=\"http:\/\/www.vol.be.ch\/dam\/documents\/VOL\/KAWA\/de\/Wald_schuetzen\/waldbrandgefahr_situation_BE.png\" width=\"532\" height=\"438\" \/><\/a><\/p>\n<p><img loading=\"lazy\" decoding=\"async\" class=\"size-medium aligncenter\" src=\"http:\/\/www.vol.be.ch\/vol\/de\/index\/wald\/wald\/schuetzen\/waldbrandgefahr\/_jcr_content\/middlePar\/textbild_1b3e\/image.498!.40!.png\" width=\"498\" height=\"40\" \/><\/p>\n<p>&nbsp;<\/p>\n<p>&nbsp;<\/p>\n<p><a href=\"http:\/\/www.vol.be.ch\/vol\/de\/index\/wald\/wald\/schuetzen\/waldbrandgefahr.assetref\/dam\/documents\/VOL\/KAWA\/de\/Wald_schuetzen\/WBr_20150716_Verhaltenshinweise-de.pdf\">\u00dcbersicht Gefahrenstufen und Verhaltenshinweise<\/a><\/p>\n<p>Quellen:<br \/>\n<a href=\"http:\/\/www.bafu.admin.ch\/wald\/01198\/07322\/index.html?lang=de#sprungmarke0_14\" target=\"_blank\" rel=\"noopener\">Bundesamt f\u00fcr Umwelt BAFU<\/a><br \/>\n<a href=\"http:\/\/www.vol.be.ch\/vol\/de\/index\/wald\/wald.html\" target=\"_blank\" rel=\"noopener\">Amt f\u00fcr Wald KAWA Kt. Bern<\/a><\/p>\n","protected":false},"excerpt":{"rendered":"<p>Helfen Sie mit Waldbr\u00e4nde zu verhindern! W\u00e4hrend D\u00fcrreperioden ist die Gefahr von Waldbr\u00e4nden insbesondere in den Alpen und auf der [&hellip;]<\/p>\n","protected":false},"author":1,"featured_media":0,"parent":21,"menu_order":0,"comment_status":"closed","ping_status":"closed","template":"","meta":{"footnotes":""},"class_list":["post-25","page","type-page","status-publish","hentry"],"yoast_head":"<!-- This site is optimized with the Yoast SEO plugin v27.4 - https:\/\/yoast.com\/product\/yoast-seo-wordpress\/ -->\n<title>Waldbrandgefahr -<\/title>\n<meta name=\"robots\" content=\"index, follow, max-snippet:-1, max-image-preview:large, max-video-preview:-1\" \/>\n<link rel=\"canonical\" href=\"https:\/\/fwho.ch\/index.php\/praevention\/waldbrandgefahr\/\" \/>\n<meta property=\"og:locale\" content=\"de_DE\" \/>\n<meta property=\"og:type\" content=\"article\" \/>\n<meta property=\"og:title\" content=\"Waldbrandgefahr -\" \/>\n<meta property=\"og:description\" content=\"Helfen Sie mit Waldbr\u00e4nde zu verhindern! W\u00e4hrend D\u00fcrreperioden ist die Gefahr von Waldbr\u00e4nden insbesondere in den Alpen und auf der [&hellip;]\" \/>\n<meta property=\"og:url\" content=\"https:\/\/fwho.ch\/index.php\/praevention\/waldbrandgefahr\/\" \/>\n<meta property=\"article:modified_time\" content=\"2018-04-24T13:36:50+00:00\" \/>\n<meta property=\"og:image\" content=\"http:\/\/www.vol.be.ch\/dam\/documents\/VOL\/KAWA\/de\/Wald_schuetzen\/waldbrandgefahr_situation_BE.png\" \/>\n<meta name=\"twitter:card\" content=\"summary_large_image\" \/>\n<meta name=\"twitter:label1\" content=\"Gesch\u00e4tzte Lesezeit\" \/>\n\t<meta name=\"twitter:data1\" content=\"1\u00a0Minute\" \/>\n<script type=\"application\/ld+json\" class=\"yoast-schema-graph\">{\"@context\":\"https:\\\/\\\/schema.org\",\"@graph\":[{\"@type\":\"WebPage\",\"@id\":\"https:\\\/\\\/fwho.ch\\\/index.php\\\/praevention\\\/waldbrandgefahr\\\/\",\"url\":\"https:\\\/\\\/fwho.ch\\\/index.php\\\/praevention\\\/waldbrandgefahr\\\/\",\"name\":\"Waldbrandgefahr -\",\"isPartOf\":{\"@id\":\"https:\\\/\\\/fwho.ch\\\/#website\"},\"primaryImageOfPage\":{\"@id\":\"https:\\\/\\\/fwho.ch\\\/index.php\\\/praevention\\\/waldbrandgefahr\\\/#primaryimage\"},\"image\":{\"@id\":\"https:\\\/\\\/fwho.ch\\\/index.php\\\/praevention\\\/waldbrandgefahr\\\/#primaryimage\"},\"thumbnailUrl\":\"http:\\\/\\\/www.vol.be.ch\\\/dam\\\/documents\\\/VOL\\\/KAWA\\\/de\\\/Wald_schuetzen\\\/waldbrandgefahr_situation_BE.png\",\"datePublished\":\"2017-09-22T08:03:54+00:00\",\"dateModified\":\"2018-04-24T13:36:50+00:00\",\"breadcrumb\":{\"@id\":\"https:\\\/\\\/fwho.ch\\\/index.php\\\/praevention\\\/waldbrandgefahr\\\/#breadcrumb\"},\"inLanguage\":\"de-CH\",\"potentialAction\":[{\"@type\":\"ReadAction\",\"target\":[\"https:\\\/\\\/fwho.ch\\\/index.php\\\/praevention\\\/waldbrandgefahr\\\/\"]}]},{\"@type\":\"ImageObject\",\"inLanguage\":\"de-CH\",\"@id\":\"https:\\\/\\\/fwho.ch\\\/index.php\\\/praevention\\\/waldbrandgefahr\\\/#primaryimage\",\"url\":\"http:\\\/\\\/www.vol.be.ch\\\/dam\\\/documents\\\/VOL\\\/KAWA\\\/de\\\/Wald_schuetzen\\\/waldbrandgefahr_situation_BE.png\",\"contentUrl\":\"http:\\\/\\\/www.vol.be.ch\\\/dam\\\/documents\\\/VOL\\\/KAWA\\\/de\\\/Wald_schuetzen\\\/waldbrandgefahr_situation_BE.png\"},{\"@type\":\"BreadcrumbList\",\"@id\":\"https:\\\/\\\/fwho.ch\\\/index.php\\\/praevention\\\/waldbrandgefahr\\\/#breadcrumb\",\"itemListElement\":[{\"@type\":\"ListItem\",\"position\":1,\"name\":\"Home\",\"item\":\"https:\\\/\\\/fwho.ch\\\/\"},{\"@type\":\"ListItem\",\"position\":2,\"name\":\"Pr\u00e4vention\",\"item\":\"https:\\\/\\\/fwho.ch\\\/index.php\\\/praevention\\\/\"},{\"@type\":\"ListItem\",\"position\":3,\"name\":\"Waldbrandgefahr\"}]},{\"@type\":\"WebSite\",\"@id\":\"https:\\\/\\\/fwho.ch\\\/#website\",\"url\":\"https:\\\/\\\/fwho.ch\\\/\",\"name\":\"\",\"description\":\"\",\"publisher\":{\"@id\":\"https:\\\/\\\/fwho.ch\\\/#organization\"},\"potentialAction\":[{\"@type\":\"SearchAction\",\"target\":{\"@type\":\"EntryPoint\",\"urlTemplate\":\"https:\\\/\\\/fwho.ch\\\/?s={search_term_string}\"},\"query-input\":{\"@type\":\"PropertyValueSpecification\",\"valueRequired\":true,\"valueName\":\"search_term_string\"}}],\"inLanguage\":\"de-CH\"},{\"@type\":\"Organization\",\"@id\":\"https:\\\/\\\/fwho.ch\\\/#organization\",\"name\":\"Feuerwehr Hilterfingen\",\"url\":\"https:\\\/\\\/fwho.ch\\\/\",\"logo\":{\"@type\":\"ImageObject\",\"inLanguage\":\"de-CH\",\"@id\":\"https:\\\/\\\/fwho.ch\\\/#\\\/schema\\\/logo\\\/image\\\/\",\"url\":\"https:\\\/\\\/fwho.ch\\\/wp-content\\\/uploads\\\/2022\\\/11\\\/FHO_Logo_farbe-neu.jpg\",\"contentUrl\":\"https:\\\/\\\/fwho.ch\\\/wp-content\\\/uploads\\\/2022\\\/11\\\/FHO_Logo_farbe-neu.jpg\",\"width\":124,\"height\":150,\"caption\":\"Feuerwehr Hilterfingen\"},\"image\":{\"@id\":\"https:\\\/\\\/fwho.ch\\\/#\\\/schema\\\/logo\\\/image\\\/\"}}]}<\/script>\n<!-- \/ Yoast SEO plugin. -->","yoast_head_json":{"title":"Waldbrandgefahr -","robots":{"index":"index","follow":"follow","max-snippet":"max-snippet:-1","max-image-preview":"max-image-preview:large","max-video-preview":"max-video-preview:-1"},"canonical":"https:\/\/fwho.ch\/index.php\/praevention\/waldbrandgefahr\/","og_locale":"de_DE","og_type":"article","og_title":"Waldbrandgefahr -","og_description":"Helfen Sie mit Waldbr\u00e4nde zu verhindern! W\u00e4hrend D\u00fcrreperioden ist die Gefahr von Waldbr\u00e4nden insbesondere in den Alpen und auf der [&hellip;]","og_url":"https:\/\/fwho.ch\/index.php\/praevention\/waldbrandgefahr\/","article_modified_time":"2018-04-24T13:36:50+00:00","og_image":[{"url":"http:\/\/www.vol.be.ch\/dam\/documents\/VOL\/KAWA\/de\/Wald_schuetzen\/waldbrandgefahr_situation_BE.png","type":"","width":"","height":""}],"twitter_card":"summary_large_image","twitter_misc":{"Gesch\u00e4tzte Lesezeit":"1\u00a0Minute"},"schema":{"@context":"https:\/\/schema.org","@graph":[{"@type":"WebPage","@id":"https:\/\/fwho.ch\/index.php\/praevention\/waldbrandgefahr\/","url":"https:\/\/fwho.ch\/index.php\/praevention\/waldbrandgefahr\/","name":"Waldbrandgefahr -","isPartOf":{"@id":"https:\/\/fwho.ch\/#website"},"primaryImageOfPage":{"@id":"https:\/\/fwho.ch\/index.php\/praevention\/waldbrandgefahr\/#primaryimage"},"image":{"@id":"https:\/\/fwho.ch\/index.php\/praevention\/waldbrandgefahr\/#primaryimage"},"thumbnailUrl":"http:\/\/www.vol.be.ch\/dam\/documents\/VOL\/KAWA\/de\/Wald_schuetzen\/waldbrandgefahr_situation_BE.png","datePublished":"2017-09-22T08:03:54+00:00","dateModified":"2018-04-24T13:36:50+00:00","breadcrumb":{"@id":"https:\/\/fwho.ch\/index.php\/praevention\/waldbrandgefahr\/#breadcrumb"},"inLanguage":"de-CH","potentialAction":[{"@type":"ReadAction","target":["https:\/\/fwho.ch\/index.php\/praevention\/waldbrandgefahr\/"]}]},{"@type":"ImageObject","inLanguage":"de-CH","@id":"https:\/\/fwho.ch\/index.php\/praevention\/waldbrandgefahr\/#primaryimage","url":"http:\/\/www.vol.be.ch\/dam\/documents\/VOL\/KAWA\/de\/Wald_schuetzen\/waldbrandgefahr_situation_BE.png","contentUrl":"http:\/\/www.vol.be.ch\/dam\/documents\/VOL\/KAWA\/de\/Wald_schuetzen\/waldbrandgefahr_situation_BE.png"},{"@type":"BreadcrumbList","@id":"https:\/\/fwho.ch\/index.php\/praevention\/waldbrandgefahr\/#breadcrumb","itemListElement":[{"@type":"ListItem","position":1,"name":"Home","item":"https:\/\/fwho.ch\/"},{"@type":"ListItem","position":2,"name":"Pr\u00e4vention","item":"https:\/\/fwho.ch\/index.php\/praevention\/"},{"@type":"ListItem","position":3,"name":"Waldbrandgefahr"}]},{"@type":"WebSite","@id":"https:\/\/fwho.ch\/#website","url":"https:\/\/fwho.ch\/","name":"","description":"","publisher":{"@id":"https:\/\/fwho.ch\/#organization"},"potentialAction":[{"@type":"SearchAction","target":{"@type":"EntryPoint","urlTemplate":"https:\/\/fwho.ch\/?s={search_term_string}"},"query-input":{"@type":"PropertyValueSpecification","valueRequired":true,"valueName":"search_term_string"}}],"inLanguage":"de-CH"},{"@type":"Organization","@id":"https:\/\/fwho.ch\/#organization","name":"Feuerwehr Hilterfingen","url":"https:\/\/fwho.ch\/","logo":{"@type":"ImageObject","inLanguage":"de-CH","@id":"https:\/\/fwho.ch\/#\/schema\/logo\/image\/","url":"https:\/\/fwho.ch\/wp-content\/uploads\/2022\/11\/FHO_Logo_farbe-neu.jpg","contentUrl":"https:\/\/fwho.ch\/wp-content\/uploads\/2022\/11\/FHO_Logo_farbe-neu.jpg","width":124,"height":150,"caption":"Feuerwehr Hilterfingen"},"image":{"@id":"https:\/\/fwho.ch\/#\/schema\/logo\/image\/"}}]}},"_links":{"self":[{"href":"https:\/\/fwho.ch\/index.php\/wp-json\/wp\/v2\/pages\/25","targetHints":{"allow":["GET"]}}],"collection":[{"href":"https:\/\/fwho.ch\/index.php\/wp-json\/wp\/v2\/pages"}],"about":[{"href":"https:\/\/fwho.ch\/index.php\/wp-json\/wp\/v2\/types\/page"}],"author":[{"embeddable":true,"href":"https:\/\/fwho.ch\/index.php\/wp-json\/wp\/v2\/users\/1"}],"replies":[{"embeddable":true,"href":"https:\/\/fwho.ch\/index.php\/wp-json\/wp\/v2\/comments?post=25"}],"version-history":[{"count":11,"href":"https:\/\/fwho.ch\/index.php\/wp-json\/wp\/v2\/pages\/25\/revisions"}],"predecessor-version":[{"id":1264,"href":"https:\/\/fwho.ch\/index.php\/wp-json\/wp\/v2\/pages\/25\/revisions\/1264"}],"up":[{"embeddable":true,"href":"https:\/\/fwho.ch\/index.php\/wp-json\/wp\/v2\/pages\/21"}],"wp:attachment":[{"href":"https:\/\/fwho.ch\/index.php\/wp-json\/wp\/v2\/media?parent=25"}],"curies":[{"name":"wp","href":"https:\/\/api.w.org\/{rel}","templated":true}]}}