{"id":47,"date":"2017-09-22T08:07:31","date_gmt":"2017-09-22T08:07:31","guid":{"rendered":"http:\/\/neu.feuerwehr-hilterfingen.ch\/?page_id=47"},"modified":"2018-01-19T09:48:04","modified_gmt":"2018-01-19T09:48:04","slug":"links","status":"publish","type":"page","link":"https:\/\/fwho.ch\/index.php\/links\/","title":{"rendered":"Links"},"content":{"rendered":"<p><strong>Notfall<\/strong><br \/>\n<a href=\"http:\/\/www.police.be.ch\/\" target=\"_blank\" rel=\"noopener\">Kantonspolizei Bern<\/a><br \/>\n<a href=\"http:\/\/www.spitalstsag.ch\/de\/Rettungsdienst\" target=\"_blank\" rel=\"noopener\">Rettungsdienst Berner Oberland<\/a><br \/>\n<a href=\"https:\/\/www.samariter.ch\/de\" target=\"_blank\" rel=\"noopener\">Samariter<\/a><br \/>\n<a href=\"http:\/\/www.rega.ch\/\" target=\"_blank\" rel=\"noopener\">REGA<\/a><br \/>\n<a href=\"http:\/\/www.firstresponder.be\" target=\"_blank\" rel=\"noopener\">Firstresponder<\/a><br \/>\n<a href=\"http:\/\/www.seerettung-thunersee.ch\" target=\"_blank\" rel=\"noopener\">Seerettung Thunersee<\/a><\/p>\n<p><strong>Pr\u00e4vention<\/strong><br \/>\n<a href=\"https:\/\/www.gvb.ch\/de\/home\/\" target=\"_blank\" rel=\"noopener\">GVB (Geb\u00e4udeversicherung Bern)<\/a><br \/>\n<a href=\"http:\/\/www.bfb-cipi.ch\/Brandverhuetung\/Brandgefahren.htm\" target=\"_blank\" rel=\"noopener\">Beratungsstelle f\u00fcr Brandverh\u00fctung<\/a><br \/>\n<a href=\"http:\/\/www.vol.be.ch\/de\/index\/wald\/wald\/berner_wald\/waldbrandgefahr.html\" target=\"_blank\" rel=\"noopener\">Waldbrandgefahr Kt. Bern<\/a><br \/>\n<a href=\"https:\/\/www.hausinfo.ch\/de\/home.html\" target=\"_blank\" rel=\"noopener\">Hausinfo<\/a><\/p>\n<p><strong>Organisation<\/strong><br \/>\n<a href=\"http:\/\/www.feukos.ch\/de\/\" target=\"_blank\" rel=\"noopener\">Feuerwehr Koordination Schweiz<\/a><br \/>\n<a href=\"http:\/\/www.swissfire.ch\/\" target=\"_blank\" rel=\"noopener\">Schweizerischer Feuerwehrverband<\/a><br \/>\n<a href=\"http:\/\/www.bernfire.ch\/\" target=\"_blank\" rel=\"noopener\">Feuerwehrverband des Kt. Bern<\/a><br \/>\n<a href=\"https:\/\/www.gvb.ch\/de\/engagement\/feuerwehren-im-kanton-bern\/jugendfeuerwehr\/\" target=\"_blank\" rel=\"noopener\">Jugendfeuerwehr Bern<\/a><\/p>\n","protected":false},"excerpt":{"rendered":"<p>Notfall Kantonspolizei Bern Rettungsdienst Berner Oberland Samariter REGA Firstresponder Seerettung Thunersee Pr\u00e4vention GVB (Geb\u00e4udeversicherung Bern) Beratungsstelle f\u00fcr Brandverh\u00fctung Waldbrandgefahr Kt. [&hellip;]<\/p>\n","protected":false},"author":1,"featured_media":0,"parent":0,"menu_order":0,"comment_status":"closed","ping_status":"closed","template":"page-templates\/full-width.php","meta":{"footnotes":""},"class_list":["post-47","page","type-page","status-publish","hentry"],"yoast_head":"<!-- This site is optimized with the Yoast SEO plugin v27.4 - https:\/\/yoast.com\/product\/yoast-seo-wordpress\/ -->\n<title>Links -<\/title>\n<meta name=\"robots\" content=\"index, follow, max-snippet:-1, max-image-preview:large, max-video-preview:-1\" \/>\n<link rel=\"canonical\" href=\"https:\/\/fwho.ch\/index.php\/links\/\" \/>\n<meta property=\"og:locale\" content=\"de_DE\" \/>\n<meta property=\"og:type\" content=\"article\" \/>\n<meta property=\"og:title\" content=\"Links -\" \/>\n<meta property=\"og:description\" content=\"Notfall Kantonspolizei Bern Rettungsdienst Berner Oberland Samariter REGA Firstresponder Seerettung Thunersee Pr\u00e4vention GVB (Geb\u00e4udeversicherung Bern) Beratungsstelle f\u00fcr Brandverh\u00fctung Waldbrandgefahr Kt. [&hellip;]\" \/>\n<meta property=\"og:url\" content=\"https:\/\/fwho.ch\/index.php\/links\/\" \/>\n<meta property=\"article:modified_time\" content=\"2018-01-19T09:48:04+00:00\" \/>\n<meta name=\"twitter:card\" content=\"summary_large_image\" \/>\n<script type=\"application\/ld+json\" class=\"yoast-schema-graph\">{\"@context\":\"https:\\\/\\\/schema.org\",\"@graph\":[{\"@type\":\"WebPage\",\"@id\":\"https:\\\/\\\/fwho.ch\\\/index.php\\\/links\\\/\",\"url\":\"https:\\\/\\\/fwho.ch\\\/index.php\\\/links\\\/\",\"name\":\"Links -\",\"isPartOf\":{\"@id\":\"https:\\\/\\\/fwho.ch\\\/#website\"},\"datePublished\":\"2017-09-22T08:07:31+00:00\",\"dateModified\":\"2018-01-19T09:48:04+00:00\",\"breadcrumb\":{\"@id\":\"https:\\\/\\\/fwho.ch\\\/index.php\\\/links\\\/#breadcrumb\"},\"inLanguage\":\"de-CH\",\"potentialAction\":[{\"@type\":\"ReadAction\",\"target\":[\"https:\\\/\\\/fwho.ch\\\/index.php\\\/links\\\/\"]}]},{\"@type\":\"BreadcrumbList\",\"@id\":\"https:\\\/\\\/fwho.ch\\\/index.php\\\/links\\\/#breadcrumb\",\"itemListElement\":[{\"@type\":\"ListItem\",\"position\":1,\"name\":\"Home\",\"item\":\"https:\\\/\\\/fwho.ch\\\/\"},{\"@type\":\"ListItem\",\"position\":2,\"name\":\"Links\"}]},{\"@type\":\"WebSite\",\"@id\":\"https:\\\/\\\/fwho.ch\\\/#website\",\"url\":\"https:\\\/\\\/fwho.ch\\\/\",\"name\":\"\",\"description\":\"\",\"publisher\":{\"@id\":\"https:\\\/\\\/fwho.ch\\\/#organization\"},\"potentialAction\":[{\"@type\":\"SearchAction\",\"target\":{\"@type\":\"EntryPoint\",\"urlTemplate\":\"https:\\\/\\\/fwho.ch\\\/?s={search_term_string}\"},\"query-input\":{\"@type\":\"PropertyValueSpecification\",\"valueRequired\":true,\"valueName\":\"search_term_string\"}}],\"inLanguage\":\"de-CH\"},{\"@type\":\"Organization\",\"@id\":\"https:\\\/\\\/fwho.ch\\\/#organization\",\"name\":\"Feuerwehr Hilterfingen\",\"url\":\"https:\\\/\\\/fwho.ch\\\/\",\"logo\":{\"@type\":\"ImageObject\",\"inLanguage\":\"de-CH\",\"@id\":\"https:\\\/\\\/fwho.ch\\\/#\\\/schema\\\/logo\\\/image\\\/\",\"url\":\"https:\\\/\\\/fwho.ch\\\/wp-content\\\/uploads\\\/2022\\\/11\\\/FHO_Logo_farbe-neu.jpg\",\"contentUrl\":\"https:\\\/\\\/fwho.ch\\\/wp-content\\\/uploads\\\/2022\\\/11\\\/FHO_Logo_farbe-neu.jpg\",\"width\":124,\"height\":150,\"caption\":\"Feuerwehr Hilterfingen\"},\"image\":{\"@id\":\"https:\\\/\\\/fwho.ch\\\/#\\\/schema\\\/logo\\\/image\\\/\"}}]}<\/script>\n<!-- \/ Yoast SEO plugin. -->","yoast_head_json":{"title":"Links -","robots":{"index":"index","follow":"follow","max-snippet":"max-snippet:-1","max-image-preview":"max-image-preview:large","max-video-preview":"max-video-preview:-1"},"canonical":"https:\/\/fwho.ch\/index.php\/links\/","og_locale":"de_DE","og_type":"article","og_title":"Links -","og_description":"Notfall Kantonspolizei Bern Rettungsdienst Berner Oberland Samariter REGA Firstresponder Seerettung Thunersee Pr\u00e4vention GVB (Geb\u00e4udeversicherung Bern) Beratungsstelle f\u00fcr Brandverh\u00fctung Waldbrandgefahr Kt. [&hellip;]","og_url":"https:\/\/fwho.ch\/index.php\/links\/","article_modified_time":"2018-01-19T09:48:04+00:00","twitter_card":"summary_large_image","schema":{"@context":"https:\/\/schema.org","@graph":[{"@type":"WebPage","@id":"https:\/\/fwho.ch\/index.php\/links\/","url":"https:\/\/fwho.ch\/index.php\/links\/","name":"Links -","isPartOf":{"@id":"https:\/\/fwho.ch\/#website"},"datePublished":"2017-09-22T08:07:31+00:00","dateModified":"2018-01-19T09:48:04+00:00","breadcrumb":{"@id":"https:\/\/fwho.ch\/index.php\/links\/#breadcrumb"},"inLanguage":"de-CH","potentialAction":[{"@type":"ReadAction","target":["https:\/\/fwho.ch\/index.php\/links\/"]}]},{"@type":"BreadcrumbList","@id":"https:\/\/fwho.ch\/index.php\/links\/#breadcrumb","itemListElement":[{"@type":"ListItem","position":1,"name":"Home","item":"https:\/\/fwho.ch\/"},{"@type":"ListItem","position":2,"name":"Links"}]},{"@type":"WebSite","@id":"https:\/\/fwho.ch\/#website","url":"https:\/\/fwho.ch\/","name":"","description":"","publisher":{"@id":"https:\/\/fwho.ch\/#organization"},"potentialAction":[{"@type":"SearchAction","target":{"@type":"EntryPoint","urlTemplate":"https:\/\/fwho.ch\/?s={search_term_string}"},"query-input":{"@type":"PropertyValueSpecification","valueRequired":true,"valueName":"search_term_string"}}],"inLanguage":"de-CH"},{"@type":"Organization","@id":"https:\/\/fwho.ch\/#organization","name":"Feuerwehr Hilterfingen","url":"https:\/\/fwho.ch\/","logo":{"@type":"ImageObject","inLanguage":"de-CH","@id":"https:\/\/fwho.ch\/#\/schema\/logo\/image\/","url":"https:\/\/fwho.ch\/wp-content\/uploads\/2022\/11\/FHO_Logo_farbe-neu.jpg","contentUrl":"https:\/\/fwho.ch\/wp-content\/uploads\/2022\/11\/FHO_Logo_farbe-neu.jpg","width":124,"height":150,"caption":"Feuerwehr Hilterfingen"},"image":{"@id":"https:\/\/fwho.ch\/#\/schema\/logo\/image\/"}}]}},"_links":{"self":[{"href":"https:\/\/fwho.ch\/index.php\/wp-json\/wp\/v2\/pages\/47","targetHints":{"allow":["GET"]}}],"collection":[{"href":"https:\/\/fwho.ch\/index.php\/wp-json\/wp\/v2\/pages"}],"about":[{"href":"https:\/\/fwho.ch\/index.php\/wp-json\/wp\/v2\/types\/page"}],"author":[{"embeddable":true,"href":"https:\/\/fwho.ch\/index.php\/wp-json\/wp\/v2\/users\/1"}],"replies":[{"embeddable":true,"href":"https:\/\/fwho.ch\/index.php\/wp-json\/wp\/v2\/comments?post=47"}],"version-history":[{"count":10,"href":"https:\/\/fwho.ch\/index.php\/wp-json\/wp\/v2\/pages\/47\/revisions"}],"predecessor-version":[{"id":1172,"href":"https:\/\/fwho.ch\/index.php\/wp-json\/wp\/v2\/pages\/47\/revisions\/1172"}],"wp:attachment":[{"href":"https:\/\/fwho.ch\/index.php\/wp-json\/wp\/v2\/media?parent=47"}],"curies":[{"name":"wp","href":"https:\/\/api.w.org\/{rel}","templated":true}]}}